et b be (99 - 3)*(-3)/q. Calculate the greatest common factor of b and 6.
6
Suppose 4*g - 52 + 327 = -3*m, m + 4*g = -105. Let q = -79 - m. Calculate the greatest common divisor of q and 6.
6
Suppose -o + 11 + 25 = b, -5*b - 2*o + 165 = 0. What is the greatest common factor of b and 93?
31
Suppose -4*b = 5*c + 5, -5 = 3*b - 2*b. Suppose -3*l = -6*l + 12, 2*u = -3*l + 30. Calculate the greatest common factor of u and c.
3
Let d = -2 + 6. Let p be (-45 + d)/((-1)/2). Let z = -58 + p. What is the highest common divisor of z and 6?
6
Let l(q) be the third derivative of q**4/24 + 13*q**3/6 + 23*q**2. Let b be l(-7). Calculate the greatest common factor of b and 3.
3
Let u = -18 - -93. Calculate the highest common divisor of u and 25.
25
Suppose f = 0, 0 = 3*h + h - 4*f - 44. Let v(b) = b**2 - 8*b + 11. Let u be v(5). Let d = 7 - u. What is the highest common factor of h and d?
11
Suppose 0 = 58*m + 2 - 60. Suppose -5*y = -18 - 2. Suppose -4 = -y*u - 0*u. What is the highest common divisor of u and m?
1
Let m be -3 - (4 - -3)/(-1). Let n be (13/1 - m) + 1. Calculate the highest common factor of 110 and n.
10
Let y be (-4796)/(-12) + 24/(-36). What is the highest common factor of 114 and y?
57
Suppose 9*y - 180 = 4*y. Suppose 3 = -q + 6. Let z be ((-72)/q)/((-3)/3). What is the greatest common factor of y and z?
12
Let w(r) = 2*r**2 - 11*r + 4. Let n be w(7). Calculate the highest common factor of 2550 and n.
25
Let x be ((-10)/(-4))/(15/30). Suppose 10*h = x*h - 3520. Let i = -374 - h. Calculate the greatest common factor of 30 and i.
30
Let m(b) = -7*b**3 - 3*b**2 - 2*b + 1. Let a be m(-2). Let h(d) = d**2 - 56*d + 157. Let q be h(54). What is the greatest common factor of a and q?
49
Let y be (-7 + 7)*(-2)/6. Suppose -5*g = -y*g - 10, g = -5*b + 42. Calculate the greatest common divisor of b and 8.
8
Let z be ((-1053)/(-12))/((315/216)/35). Calculate the highest common divisor of 52 and z.
26
Let s = 368 - 357. Calculate the highest common divisor of s and 1.
1
Suppose -2*r = -h - 0*h - 4, 4*h = 0. Suppose z + r*f - 28 = 0, 30 = z + 7*f - 3*f. Suppose 0 = 8*g - 371 - 669. What is the greatest common divisor of g and z?
26
Let z be (-7)/(-5) + (-9)/(-15). Suppose -z*h + 13 + 71 = 0. What is the greatest common factor of h and 6?
6
Let g(c) = 2*c**2 - 3*c + 17. Let q be g(8). Suppose 3*y + q = 49. Let j be 18/(2*(-9)/y). What is the highest common factor of 216 and j?
24
Suppose -a = -2*z - 2*a + 105, -4*a - 4 = 0. Suppose -z*q = -48*q - 10. What is the greatest common divisor of 8 and q?
2
Let p(g) = 2*g**2 + 7*g + 5. Let f be p(-4). Suppose 5*h - f = 2*h. Suppose 3*k + 3 = y - 5, -5*k = h*y - 10. What is the greatest common factor of 25 and y?
5
Let v be (-396)/(-14) + (-6)/21. Suppose -13*w + 18 = i - 15*w, 0 = -5*i - 5*w + 60. What is the highest common divisor of i and v?
14
Let z = -499 + 1096. Suppose 0 = 3*c + 3*t - z, 7*c - t - 581 = 4*c. What is the greatest common divisor of 39 and c?
39
Let y(j) be the third derivative of 7*j**4/8 - 7*j**3/3 + 7*j**2 + 2. Let r be y(2). What is the greatest common factor of 8 and r?
4
Let u = -14 + 42. Suppose -148 = -67*l + 30*l. Calculate the highest common divisor of l and u.
4
Let b = -40 - -42. Suppose -466 = -4*g + j, b*g + 6*j - j = 244. Calculate the highest common divisor of 13 and g.
13
Suppose 3*t + 27 - 30 = 0. What is the highest common factor of 81 and t?
1
Let t be (6 + -1 + -1)/(55/55). Let x = 11 + 17. Calculate the greatest common factor of x and t.
4
Let y = 5919 - 4089. What is the greatest common divisor of 10 and y?
10
Let k = -101 - -316. What is the highest common divisor of k and 86?
43
Let a be 1*(-2 - -1)*-15. Suppose 0 = -s + 4*u + 4, -17*s + 80 = -12*s - 5*u. Calculate the highest common factor of s and a.
5
Suppose 90 = -10*a + 860. Calculate the greatest common divisor of 297 and a.
11
Suppose 0 = 5*y - 2*r - 4318, 0*y + 4*r + 1724 = 2*y. What is the greatest common divisor of 16 and y?
16
Suppose 5*g - 42*p - 1385 = -37*p, 5*p = g - 285. Let o(a) = 14*a - 3. Let t be o(2). What is the greatest common factor of g and t?
25
Suppose -2055 = -2*h + k, -6*h + 7*h - 4*k - 1038 = 0. Calculate the highest common factor of 54 and h.
54
Let a = -377 - -65. Let i be a/(-14) + (-10)/35. Calculate the greatest common divisor of i and 2.
2
Let l(a) = -a**2 + 15*a + 83. Let p be l(18). Calculate the highest common divisor of 319 and p.
29
Let a be (-30)/(-9)*(-6)/(-5). Suppose 0 = -3*o - 2*q - 4, -2*o + 5*q - 7 = 2*q. Let n be (-42 + o + 0)/(-1). What is the highest common divisor of a and n?
4
Suppose -2*f - 4*g = -108 + 8, f - 52 = -4*g. Calculate the highest common divisor of f and 816.
48
Suppose 181*o - 19*o - 1296 = 0. Let w(y) = 2*y**2 - 7*y + 6. Let p be w(4). Let g be 0 + p - (1 - 3). What is the highest common factor of o and g?
4
Let h(a) be the second derivative of a**5/20 - a**4/3 - 5*a**3/6 + 3*a**2 + a. Let t be h(4). Let u = -8 - t. What is the greatest common divisor of u and 15?
3
Suppose 0 = 2*k - 3*i - 12 - 9, -12 = k + 3*i. Let d(f) = 3*f + 3. Let y be d(k). What is the greatest common divisor of 132 and y?
12
Let g(p) = -p**3 + 6*p**2 + 12*p - 5. Let r be g(7). Suppose i + i = r. What is the greatest common factor of 15 and i?
15
Suppose 5*r - 95 = 5. Suppose -4*k - 4*j + 38 = j, 6 = -3*j. Let p = -2 + k. What is the highest common factor of r and p?
10
Let a(n) = 11*n + 12. Let m be a(5). Let y = m + -60. What is the highest common divisor of 35 and y?
7
Let b be (-228)/(-9)*18/12. Let w = -273 - -615. Calculate the greatest common factor of b and w.
38
Let x be (2/(-8))/((-96)/2432)*27. Let s(d) = -d**3 + 4*d**2. Let b be s(3). Calculate the greatest common divisor of b and x.
9
Suppose -5*l + 2*l = -6. Suppose l*d = 4*d - 48. Let g be ((-12)/10)/((-1)/20). Calculate the highest common divisor of g and d.
24
Suppose 12*q = 3*q + 3339. Calculate the greatest common factor of 424 and q.
53
Let r be (0 + (6 - 5))/((-3)/(-15)). Suppose -3*x + 157 = 5*a, 4*x + 24 = r*x - 4*a. Calculate the greatest common divisor of 4 and x.
4
Suppose 4*v = -0*t + 3*t - 3939, t - 5 = 0. Let n = -657 - v. Let j be (8/10)/(2/90). Calculate the highest common factor of n and j.
36
Let g be ((-78)/4)/((-1)/2). Suppose 222 = 80*i - 6*i. What is the greatest common divisor of g and i?
3
Let n = 1741 - 1356. What is the greatest common factor of n and 35?
35
Let d be (1/(-2))/((-94)/(-24) + -4). Suppose 111 + 93 = d*k. Calculate the highest common factor of 272 and k.
34
Let c = 1993 + -1970. Calculate the highest common factor of 2944 and c.
23
Suppose 3168 = 2*o + 6*o. What is the highest common factor of 72 and o?
36
Suppose 3198 = 55*w - 29*w. What is the greatest common divisor of w and 41?
41
Let n(p) = p - 3. Let y be (-8)/(-20) + 66/10. Let a be n(y). Suppose a*t - t - 15 = 0. Calculate the highest common factor of 10 and t.
5
Suppose -258 - 52 = 5*c. Let a be c/(-2) + 1 - 5. What is the highest common factor of 3 and a?
3
Suppose -35*o + 15*o = -280. What is the greatest common divisor of o and 6?
2
Suppose 180 = 10*x - 5*x. Calculate the highest common factor of 342 and x.
18
Let p be (8 - 9)*(-4 - -2). Let r be (p*(-49)/42)/(1/(-18)). Calculate the greatest common factor of r and 84.
42
Let j = -22 + 18. Let z be 150*-6*j/60. Let f be 0 - (-11 - 1 - 0). What is the highest common factor of z and f?
12
Suppose 11 + 51 = 2*x - 5*r, 2*x - 3*r - 54 = 0. What is the highest common divisor of 77 and x?
7
Let l be 34 + -4*(-2)/4. Suppose 0 = -d + 4*x + 28, -3*d + 3*x = -d - 51. Calculate the highest common factor of d and l.
12
Let p = 465 - 439. Calculate the greatest common factor of p and 39.
13
Let q(f) = -f**3 + 24*f**2 + 54*f - 27. Let h be q(26). What is the highest common divisor of h and 20?
5
Let n be ((-115)/(-15) - 5)*-9. Let w = 30 - n. What is the greatest common divisor of 135 and w?
27
Let b be 486/6 - 24/(-1 + -5). What is the greatest common factor of b and 68?
17
Suppose g = -m + 142, 3*g + 281 = 5*g - m. Suppose -987 = -947*l + 926*l. What is the highest common divisor of l and g?
47
Let v = 426 - 406. Suppose -5*q = -21 + 1. Calculate the greatest common factor of v and q.
4
Let h(f) be the second derivative of 2*f**3/3 - 5*f**2/2 + 5*f. Let a be h(6). Suppose 5*